
3, 271
Suppose 61*d + 15 = 64*d. Suppose -929 + 2923 = 4*p + 2*r, -d*r = p - 521. What are the prime factors of p?
2, 31
Suppose -4*c + 15*p - 23*p + 29480 = 0, 0 = -2*c + p + 14740. What are the prime factors of c?
2, 5, 11, 67
Suppose -2*s - 3*l = -25, 3*s - 25*l + 24*l = 10. Suppose 0 = 5*d + s*m - 1445, 0 = -8*d + 5*d - m + 865. List the prime factors of d.
2, 3
Suppose -2*q - 663419 = -20*q - 147503. List the prime factors of q.
2, 3, 17, 281
Let o(g) = g**3 - 57*g**2 + 417*g + 52. List the prime factors of o(51).
29, 197
Let k be (((-903)/6)/7)/((-1)/2). Let x = 988 - k. What are the prime factors of x?
3, 5, 7
Suppose -3*k + 4*k = 5*a - 6495, -3*a - 2*k = -3897. Let u = -750 + a. What are the prime factors of u?
3, 61
Let p(m) = 29*m**2 - 61*m - 395. What are the prime factors of p(-9)?
2503
Suppose 3789 - 13925 = 7*a. Let n = 2213 + a. List the prime factors of n.
3, 5, 17
Let r(w) = -3*w + 59. Let s be r(16). Suppose -4*m + 2371 = g, m + 14*g = s*g + 601. What are the prime factors of m?
2, 37
Let w(v) = 208*v**2 + 93*v - 374. What are the prime factors of w(6)?
2, 7, 137
Let f = 401 - -584. What are the prime factors of f?
5, 197
Let s = -10201 - -27512. What are the prime factors of s?
7, 2473
Suppose 41 = -2*r + 35. Let t be r*1192/12 + -1. Let k = -138 - t. What are the prime factors of k?
7, 23
Let p = -48573 - -98006. What are the prime factors of p?
49433
Let t = -136 - -140. Suppose 2*r + 3*q - 85 = 0, r + t*q + 0*q = 35. List the prime factors of r.
47
Let u = -1735 - -39800. List the prime factors of u.
5, 23, 331
Suppose -632 = -33*h + 1645. List the prime factors of h.
3, 23
Let q(v) = 9*v**2 + 8*v - 46. Let c(n) = 2*n**2 - 51*n - 38. Let i be c(26). Let r be q(i). Suppose 11*h - r = 947. What are the prime factors of h?
191
Let h(r) = 7*r - 49. Let u be h(7). Suppose 2*m + 4*d + 513 - 1925 = u, d + 1397 = 2*m. List the prime factors of m.
2, 5, 7
Let y = 419 + -655. Let l = y + 391. List the prime factors of l.
5, 31
Let p(c) = -105*c**2 + 41*c - 80. Let i be p(2). Let m = 989 + i. What are the prime factors of m?
571
Let k be ((-6)/(-5))/(((-22)/(-380))/11). Suppose -9*p + 96 = -k. List the prime factors of p.
2, 3
Let w = 307 - 182. Suppose -3*p + 119 = 2*m - 125, -3*m - 3 = 0. Suppose 2*u - w = 3*z, p = 2*u + 2*z - 48. List the prime factors of u.
2
What are the prime factors of (5 - -2657) + -13 + -4?
5, 23
Let w = -88 - -87. What are the prime factors of (-1*2 - (-15 - 493)) + w?
5, 101
Suppose 0 = 19*g - 70 - 44. Suppose -11*f + g*f = -4050. What are the prime factors of f?
2, 3, 5
Let l(j) be the third derivative of j**5/60 - 5*j**4/8 + 7*j**3/3 - 2*j**2. Suppose -23*a + 24*a - 15 = 0. What are the prime factors of l(a)?
2, 7
What are the prime factors of (14288/10)/((-60)/(-1800))?
2, 3, 19, 47
Let y(n) = 2*n**3 + 18*n**2 - 14*n - 99. What are the prime factors of y(15)?
3, 13, 269
Suppose -8*r = -10*r. Suppose -7*g + 4*g + 1290 = r. What are the prime factors of g?
2, 5, 43
Suppose 5*p = -n + 41892, -14*n - 41932 = -5*p - 10*n. List the prime factors of p.
2, 5, 419
Let a(n) = -11*n - 108. Let f be a(5). Let d = f - -967. List the prime factors of d.
2, 3, 67
Let j = -1783 - -2435. What are the prime factors of j?
2, 163
Let n(t) = 3*t - 7. Let h be n(4). Suppose -s - 20 = -5*m, -h*s = 2*m - 13 + 5. What are the prime factors of m/(-4)*10*(-13)/2?
5, 13
Let l = 12214 + -6426. What are the prime factors of l?
2, 1447
Let v be (0 - (6 - 11)) + -5. Suppose v = 5*c - 2*n - 1514 - 805, -c - 2*n + 471 = 0. What are the prime factors of c?
3, 5, 31
Let h be 202*160/70 - (-4)/14. Let g = h + -177. List the prime factors of g.
3, 5, 19
Let t = 230 + 486. Let z = t - 1095. Let r = z - -539. What are the prime factors of r?
2, 5
Suppose l - 4*g = -924, -3*l + 0*l = -g + 2816. Let k = 1326 + l. List the prime factors of k.
2, 193
Let i be (3 + -4)/(-2*3/618). Suppose z - i - 194 = 0. What are the prime factors of z?
3, 11
Let f = -164 - -167. Suppose 5*o - f*v = 1037, 201 = o - 4*v + 5*v. List the prime factors of o.
5, 41
Let k be ((-3)/18 + (-74)/(-12))/2. Let r be -1 + (148 - (9/k + 0)). Suppose -4*b + 3*t + r = -t, t = 2*b - 74. List the prime factors of b.
2, 19
Suppose 0 = 12*b - 10*b + 772. Let a be 42/273 + b/(-26). Suppose 0 = -a*c + 2*c + 1937. What are the prime factors of c?
149
Let b be 0/3*1/(-2). Let a(r) = 25*r**3 - 17*r + 25*r - 10*r + 37 - 26*r**3. What are the prime factors of a(b)?
37
Suppose 2212694 = 565*r - 92*r. List the prime factors of r.
2, 2339
Let z(o) = 9*o**3 + 318*o**2 + 20*o - 107. What are the prime factors of z(-27)?
2, 13, 1039
Suppose 0 = -2*x - 4*z + 8014, -6*x - 8*z = -12*z - 23962. What are the prime factors of x?
7, 571
Let n(r) = 23*r**2 + 4*r - 4. Suppose -3*t = -2*f - 7, -f + 4*f + 3*t = 27. What are the prime factors of n(f)?
2, 5, 19
Suppose 5*g - 25253 = -4*k, 37794 - 6239 = 5*k - 5*g. What are the prime factors of k?
2, 3, 263
Let j(m) = 11*m**3 - 4*m**2 + 6*m + 11. Let i be j(4). Suppose 5*k + w = 4871, -5*w - i = 2*k - 2628. What are the prime factors of k?
2, 487
Let w(s) = -3*s + 2 - 2*s - 4. Suppose 0 = -i - g - 17, -9 = 5*i - 4*g + 31. What are the prime factors of w(i)?
2, 29
Let i(b) = 129*b**3 - 3*b**2 - b - 2. Let o(t) = 1. Let w(g) = -i(g) - 4*o(g). List the prime factors of w(-1).
3, 43
Let c(f) = -14*f**3 + 6*f**2 - 24*f - 165. What are the prime factors of c(-4)?
13, 71
Suppose 3*b + 7*g - 2*g = -16702 + 126052, 0 = g. What are the prime factors of b?
2, 3, 5
Let t = 272 + -48. Suppose -v + n + 0*n = -t, 2*v - 448 = n. Suppose -r + v = 3*r. List the prime factors of r.
2, 7
Let b(h) = -2*h**3 + 8*h**2 + 2*h - 6. Let f be b(4). Suppose 0 = 8*k + f*k - 270. Let g = k + -22. List the prime factors of g.
5
Suppose -3*b - 2*b - 5*z - 50 = 0, 4*b - 4*z = -16. Let x = 18 + b. Suppose -x*m = -59 - 18. List the prime factors of m.
7
Let f(k) = k**2 + 4*k - 1. Let p be f(-11). Let h = 79 - p. Suppose -2*c - 35 + 179 = 2*w, -h*c + w = -228. List the prime factors of c.
3, 5
Suppose 0 = 2842*u - 2861*u + 807785. List the prime factors of u.
5, 11, 773
Let u = 901 + -4309. List the prime factors of (112/24 - 5)*u.
2, 71
Let y(t) = -3*t**2 + 87*t - 7. What are the prime factors of y(5)?
353
Suppose 54*l + 189310 - 793870 = -66*l. What are the prime factors of l?
2, 11, 229
Suppose -270 = 4*s - 1358. Let b = s + -129. Suppose 45 - b = -7*x. List the prime factors of x.
2, 7
What are the prime factors of (202/(3 - 1))/(36/2736)?
2, 19, 101
List the prime factors of (-6)/11 - 49979787/(-1573).
3, 7, 17, 89
Let q be 4*((-15)/6 + 3). Suppose -q*v - 3*v + 15 = 0. Suppose -2*t + 14 + 12 = 5*n, -3*n = -v*t - 24. What are the prime factors of n?
2, 3
Let t(z) = 13*z**2 - 3*z + 3. Let x be t(2). Suppose 2*q - 3*n - 129 = 0, -x = 2*q + 4*n - 171. Let s = 131 - q. What are the prime factors of s?
2, 17
Let d(t) = 41*t**3 + 3*t**2 - 154*t + 453. What are the prime factors of d(3)?
3, 5
Let g(b) = -288*b**2 + b - 2. Let i be g(-1). Let m = i - -597. What are the prime factors of m?
2, 3, 17
Suppose i = -387*a + 392*a + 21187, 4*i - 84610 = -3*a. List the prime factors of i.
21157
Suppose 29*s + 2007 = 30*s + 4*o, -4*o + 5989 = 3*s. What are the prime factors of s?
11, 181
Let t(w) = 265*w - 3351. List the prime factors of t(35).
2, 1481
Let t(s) = s**3 - 9*s**2 + 12*s - 16. Let v be t(7). Let o(u) = -u**3 - 18*u**2 - 5*u + 9. Let z be o(-18). Let w = z - v. What are the prime factors of w?
3, 43
Suppose 2*u - 25*u + 10718 = 0. Suppose -u = -2*x - n, x + 3*n = 23 + 220. List the prime factors of x.
3, 7, 11
Let v = -62 - -80. Let b(p) = p**2 - 14*p. Let i be b(v). Suppose -34*z - i = -35*z. List the prime factors of z.
2, 3
Let d(g) be the third derivative of -49*g**5/120 - g**4/8 - 2*g**3 + 4*g**2. Let b(f) be the first derivative of d(f). List the prime factors of b(-2).
5, 19
Suppose -22*z + 17*z + 111152 = 11*z. List the prime factors of z.
6947
Let o = 1932 + 10218. What are the prime factors of o?
2, 3, 5
Let k(h) = 530*h**2 - 534*h - 12. List the prime factors of k(5).
2, 1321
Let y be ((-1)/((-28)/48))/(4/658). List the prime factors of (-6)/(-16)*846 + y/376.
2, 3, 53
Suppose 3*t - 3870 = -3*r, -4*t - 3*r - 888 = -6044. List the prime factors of t.
2, 643
Let y(k) = -k**2 - 16*